Dec 02 14:32:27.648 INFO testing temp_testdir-0.2.2 against master#8940af3cea4a9a9deabcaf843b2f8cad9a83fc61 for beta-1.31-5
Dec 02 14:32:27.649 INFO running `"docker" "create" "-v" "/mnt/big/crater/work/local/target-dirs/beta-1.31-5/worker-1/master#8940af3cea4a9a9deabcaf843b2f8cad9a83fc61:/target:rw,Z" "-v" "/mnt/big/crater/work/local/test-source/worker-1/beta-1.31-5/master#8940af3cea4a9a9deabcaf843b2f8cad9a83fc61:/source:ro,Z" "-v" "/mnt/big/crater/work/local/cargo-home:/cargo-home:ro,Z" "-v" "/mnt/big/crater/work/local/rustup-home:/rustup-home:ro,Z" "-e" "USER_ID=1000" "-e" "SOURCE_DIR=/source" "-e" "USER_ID=1000" "-e" "CMD=cargo +8940af3cea4a9a9deabcaf843b2f8cad9a83fc61-alt build --frozen" "-e" "CARGO_TARGET_DIR=/target" "-e" "CARGO_INCREMENTAL=0" "-e" "RUST_BACKTRACE=full" "-e" "RUSTFLAGS=--cap-lints=warn" "-e" "CARGO_HOME=/cargo-home" "-e" "RUSTUP_HOME=/rustup-home" "-m" "1536M" "--network" "none" "crater"`
Dec 02 14:32:28.057 INFO [stdout] 8a55b0faae4a574bc4f2963da26061cd354f83f0b2abb197007a429b1025affc
Dec 02 14:32:28.059 INFO running `"docker" "start" "-a" "8a55b0faae4a574bc4f2963da26061cd354f83f0b2abb197007a429b1025affc"`
Dec 02 14:32:28.939 INFO [stderr] usermod: no changes
Dec 02 14:32:28.995 INFO [stderr]    Compiling temp_testdir v0.2.2 (/source)
Dec 02 14:32:30.004 INFO [stderr]     Finished dev [unoptimized + debuginfo] target(s) in 1.04s
Dec 02 14:32:30.011 INFO [stderr] su: No module specific data is present
Dec 02 14:32:30.657 INFO running `"docker" "inspect" "8a55b0faae4a574bc4f2963da26061cd354f83f0b2abb197007a429b1025affc"`
Dec 02 14:32:30.867 INFO running `"docker" "rm" "-f" "8a55b0faae4a574bc4f2963da26061cd354f83f0b2abb197007a429b1025affc"`
Dec 02 14:32:30.938 INFO [stdout] 8a55b0faae4a574bc4f2963da26061cd354f83f0b2abb197007a429b1025affc
Dec 02 14:32:30.940 INFO running `"docker" "create" "-v" "/mnt/big/crater/work/local/target-dirs/beta-1.31-5/worker-1/master#8940af3cea4a9a9deabcaf843b2f8cad9a83fc61:/target:rw,Z" "-v" "/mnt/big/crater/work/local/test-source/worker-1/beta-1.31-5/master#8940af3cea4a9a9deabcaf843b2f8cad9a83fc61:/source:ro,Z" "-v" "/mnt/big/crater/work/local/cargo-home:/cargo-home:ro,Z" "-v" "/mnt/big/crater/work/local/rustup-home:/rustup-home:ro,Z" "-e" "USER_ID=1000" "-e" "SOURCE_DIR=/source" "-e" "USER_ID=1000" "-e" "CMD=cargo +8940af3cea4a9a9deabcaf843b2f8cad9a83fc61-alt test --frozen --no-run" "-e" "CARGO_TARGET_DIR=/target" "-e" "CARGO_INCREMENTAL=0" "-e" "RUST_BACKTRACE=full" "-e" "RUSTFLAGS=--cap-lints=warn" "-e" "CARGO_HOME=/cargo-home" "-e" "RUSTUP_HOME=/rustup-home" "-m" "1536M" "--network" "none" "crater"`
Dec 02 14:32:31.125 INFO [stdout] f3c4dbf487ae1a2eb734fca07740bc9069486565e82c4cbeec4fbb09b90f07a5
Dec 02 14:32:31.129 INFO running `"docker" "start" "-a" "f3c4dbf487ae1a2eb734fca07740bc9069486565e82c4cbeec4fbb09b90f07a5"`
Dec 02 14:32:32.157 INFO [stderr] usermod: no changes
Dec 02 14:32:32.219 INFO [stderr]    Compiling temp_testdir v0.2.2 (/source)
Dec 02 14:32:34.929 INFO [stderr]     Finished dev [unoptimized + debuginfo] target(s) in 2.74s
Dec 02 14:32:34.933 INFO [stderr] su: No module specific data is present
Dec 02 14:32:35.216 INFO running `"docker" "inspect" "f3c4dbf487ae1a2eb734fca07740bc9069486565e82c4cbeec4fbb09b90f07a5"`
Dec 02 14:32:35.391 INFO running `"docker" "rm" "-f" "f3c4dbf487ae1a2eb734fca07740bc9069486565e82c4cbeec4fbb09b90f07a5"`
Dec 02 14:32:35.479 INFO [stdout] f3c4dbf487ae1a2eb734fca07740bc9069486565e82c4cbeec4fbb09b90f07a5
Dec 02 14:32:35.481 INFO running `"docker" "create" "-v" "/mnt/big/crater/work/local/target-dirs/beta-1.31-5/worker-1/master#8940af3cea4a9a9deabcaf843b2f8cad9a83fc61:/target:rw,Z" "-v" "/mnt/big/crater/work/local/test-source/worker-1/beta-1.31-5/master#8940af3cea4a9a9deabcaf843b2f8cad9a83fc61:/source:ro,Z" "-v" "/mnt/big/crater/work/local/cargo-home:/cargo-home:ro,Z" "-v" "/mnt/big/crater/work/local/rustup-home:/rustup-home:ro,Z" "-e" "USER_ID=1000" "-e" "SOURCE_DIR=/source" "-e" "USER_ID=1000" "-e" "CMD=cargo +8940af3cea4a9a9deabcaf843b2f8cad9a83fc61-alt test --frozen" "-e" "CARGO_TARGET_DIR=/target" "-e" "CARGO_INCREMENTAL=0" "-e" "RUST_BACKTRACE=full" "-e" "RUSTFLAGS=--cap-lints=warn" "-e" "CARGO_HOME=/cargo-home" "-e" "RUSTUP_HOME=/rustup-home" "-m" "1536M" "--network" "none" "crater"`
Dec 02 14:32:35.711 INFO [stdout] e109125541f7921c3fccf88955052d5318cf282088196189666a035db9baad13
Dec 02 14:32:35.713 INFO running `"docker" "start" "-a" "e109125541f7921c3fccf88955052d5318cf282088196189666a035db9baad13"`
Dec 02 14:32:36.128 INFO [stderr] usermod: no changes
Dec 02 14:32:36.159 INFO [stderr]     Finished dev [unoptimized + debuginfo] target(s) in 0.01s
Dec 02 14:32:36.160 INFO [stderr]      Running /target/debug/deps/temp_testdir-02a26481bfa01fa4
Dec 02 14:32:36.165 INFO [stdout] 
Dec 02 14:32:36.165 INFO [stdout] running 7 tests
Dec 02 14:32:36.171 INFO [stdout] test test::default_temp_should_destroy_also_content ... ok
Dec 02 14:32:36.171 INFO [stdout] test test::default_tempdir_should_create_a_directory ... ok
Dec 02 14:32:36.171 INFO [stdout] test test::two_temp_dir_should_have_different_path ... ok
Dec 02 14:32:36.171 INFO [stdout] test test::tempdir_permanent_should_do_not_remove_dir ... ok
Dec 02 14:32:36.175 INFO [stdout] test test::default_tempdir_should_destroy_directory_after_go_out_of_scope ... ok
Dec 02 14:32:36.204 INFO [stdout] test test::should_resolve_root_in_env ... FAILED
Dec 02 14:32:36.205 INFO [stdout] test test::should_resolve_rstest_temp_dir_root_name_in_env ... FAILED
Dec 02 14:32:36.205 INFO [stdout] 
Dec 02 14:32:36.205 INFO [stdout] failures:
Dec 02 14:32:36.205 INFO [stdout] 
Dec 02 14:32:36.205 INFO [stdout] ---- test::should_resolve_root_in_env stdout ----
Dec 02 14:32:36.205 INFO [stdout] thread 'test::should_resolve_root_in_env' panicked at 'Should create the parent dir: Os { code: 30, kind: Other, message: "Read-only file system" }', libcore/result.rs:1009:5
Dec 02 14:32:36.205 INFO [stdout] stack backtrace:
Dec 02 14:32:36.205 INFO [stdout]    0:     0x55c173f368ef - std::sys::unix::backtrace::tracing::imp::unwind_backtrace::h3a8b83e1922cbdde
Dec 02 14:32:36.205 INFO [stdout]                                at libstd/sys/unix/backtrace/tracing/gcc_s.rs:49
Dec 02 14:32:36.205 INFO [stdout]    1:     0x55c173f3fd67 - std::sys_common::backtrace::print::h00d3155a29b4020f
Dec 02 14:32:36.205 INFO [stdout]                                at libstd/sys_common/backtrace.rs:71
Dec 02 14:32:36.205 INFO [stdout]                                at libstd/sys_common/backtrace.rs:59
Dec 02 14:32:36.205 INFO [stdout]    2:     0x55c173f3a63f - std::panicking::default_hook::{{closure}}::hd7465c742e79e1bb
Dec 02 14:32:36.205 INFO [stdout]                                at libstd/panicking.rs:211
Dec 02 14:32:36.205 INFO [stdout]    3:     0x55c173f3a33e - std::panicking::default_hook::h9e3966f2aa2a6e12
Dec 02 14:32:36.205 INFO [stdout]                                at libstd/panicking.rs:221
Dec 02 14:32:36.205 INFO [stdout]    4:     0x55c173f3ad1e - std::panicking::rust_panic_with_hook::h587f091ae747d080
Dec 02 14:32:36.205 INFO [stdout]                                at libstd/panicking.rs:476
Dec 02 14:32:36.205 INFO [stdout]    5:     0x55c173f3a8c1 - std::panicking::continue_panic_fmt::hb3a4fdede87f43a8
Dec 02 14:32:36.205 INFO [stdout]                                at libstd/panicking.rs:390
Dec 02 14:32:36.205 INFO [stdout]    6:     0x55c173f3a7a5 - rust_begin_unwind
Dec 02 14:32:36.205 INFO [stdout]                                at libstd/panicking.rs:325
Dec 02 14:32:36.205 INFO [stdout]    7:     0x55c173f7aefc - core::panicking::panic_fmt::h6f9cebf5e7474a0b
Dec 02 14:32:36.205 INFO [stdout]                                at libcore/panicking.rs:77
Dec 02 14:32:36.205 INFO [stdout]    8:     0x55c173ee0b67 - core::result::unwrap_failed::hc45133aab9144a13
Dec 02 14:32:36.205 INFO [stdout]                                at libcore/macros.rs:26
Dec 02 14:32:36.205 INFO [stdout]    9:     0x55c173edfdf7 - <core::result::Result<T, E>>::expect::h99620404d9a7c67c
Dec 02 14:32:36.205 INFO [stdout]                                at libcore/result.rs:835
Dec 02 14:32:36.205 INFO [stdout]   10:     0x55c173edc62a - temp_testdir::TempDir::create_root::h5b11a7c60f6e79bb
Dec 02 14:32:36.205 INFO [stdout]                                at src/lib.rs:66
Dec 02 14:32:36.205 INFO [stdout]   11:     0x55c173edc2c0 - temp_testdir::TempDir::new::h45e5f6068bab2943
Dec 02 14:32:36.205 INFO [stdout]                                at src/lib.rs:50
Dec 02 14:32:36.205 INFO [stdout]   12:     0x55c173edc12e - <temp_testdir::TempDir as core::default::Default>::default::h7ca6327f9fadbf26
Dec 02 14:32:36.205 INFO [stdout]                                at src/lib.rs:17
Dec 02 14:32:36.205 INFO [stdout]   13:     0x55c173ee5acb - temp_testdir::test::should_resolve_root_in_env::h10a7085bf4898008
Dec 02 14:32:36.205 INFO [stdout]                                at src/lib.rs:183
Dec 02 14:32:36.205 INFO [stdout]   14:     0x55c173ee5a39 - temp_testdir::test::should_resolve_root_in_env::{{closure}}::hec8c33c4b9a39e3d
Dec 02 14:32:36.205 INFO [stdout]                                at src/lib.rs:178
Dec 02 14:32:36.205 INFO [stdout]   15:     0x55c173ee1e3d - core::ops::function::FnOnce::call_once::h401af888a84b513f
Dec 02 14:32:36.205 INFO [stdout]                                at libcore/ops/function.rs:238
Dec 02 14:32:36.205 INFO [stdout]   16:     0x55c173ee859e - <F as alloc::boxed::FnBox<A>>::call_box::hac903f91577a156c
Dec 02 14:32:36.205 INFO [stdout]                                at libtest/lib.rs:1468
Dec 02 14:32:36.205 INFO [stdout]                                at libcore/ops/function.rs:238
Dec 02 14:32:36.205 INFO [stdout]                                at liballoc/boxed.rs:672
Dec 02 14:32:36.205 INFO [stdout]   17:     0x55c173f4ad19 - __rust_maybe_catch_panic
Dec 02 14:32:36.205 INFO [stdout]                                at libpanic_unwind/lib.rs:102
Dec 02 14:32:36.205 INFO [stdout]   18:     0x55c173f0a1f2 - std::sys_common::backtrace::__rust_begin_short_backtrace::hb8f0d0309526c184
Dec 02 14:32:36.205 INFO [stdout]                                at libstd/panicking.rs:289
Dec 02 14:32:36.205 INFO [stdout]                                at libstd/panic.rs:392
Dec 02 14:32:36.205 INFO [stdout]                                at libtest/lib.rs:1423
Dec 02 14:32:36.205 INFO [stdout]                                at libstd/sys_common/backtrace.rs:136
Dec 02 14:32:36.205 INFO [stdout]   19:     0x55c173f0aca4 - std::panicking::try::do_call::hc2f7c8b9a348d8db
Dec 02 14:32:36.205 INFO [stdout]                                at libstd/thread/mod.rs:409
Dec 02 14:32:36.205 INFO [stdout]                                at libstd/panic.rs:313
Dec 02 14:32:36.205 INFO [stdout]                                at libstd/panicking.rs:310
Dec 02 14:32:36.205 INFO [stdout]   20:     0x55c173f4ad19 - __rust_maybe_catch_panic
Dec 02 14:32:36.205 INFO [stdout]                                at libpanic_unwind/lib.rs:102
Dec 02 14:32:36.206 INFO [stdout]   21:     0x55c173ef7edc - <F as alloc::boxed::FnBox<A>>::call_box::h6bfded618e480b32
Dec 02 14:32:36.206 INFO [stdout]                                at libstd/panicking.rs:289
Dec 02 14:32:36.206 INFO [stdout]                                at libstd/panic.rs:392
Dec 02 14:32:36.206 INFO [stdout]                                at libstd/thread/mod.rs:408
Dec 02 14:32:36.206 INFO [stdout]                                at liballoc/boxed.rs:672
Dec 02 14:32:36.206 INFO [stdout]   22:     0x55c173f3852d - std::sys_common::thread::start_thread::h4c28257d67cdf9cb
Dec 02 14:32:36.206 INFO [stdout]                                at liballoc/boxed.rs:682
Dec 02 14:32:36.206 INFO [stdout]                                at libstd/sys_common/thread.rs:24
Dec 02 14:32:36.206 INFO [stdout]   23:     0x55c173f2cb55 - std::sys::unix::thread::Thread::new::thread_start::hfecb2e7eff8fd34f
Dec 02 14:32:36.206 INFO [stdout]                                at libstd/sys/unix/thread.rs:90
Dec 02 14:32:36.206 INFO [stdout]   24:     0x7f45d25e26b9 - start_thread
Dec 02 14:32:36.206 INFO [stdout]   25:     0x7f45d210241c - clone
Dec 02 14:32:36.206 INFO [stdout]   26:                0x0 - <unknown>
Dec 02 14:32:36.206 INFO [stdout] 
Dec 02 14:32:36.206 INFO [stdout] ---- test::should_resolve_rstest_temp_dir_root_name_in_env stdout ----
Dec 02 14:32:36.206 INFO [stdout] thread 'test::should_resolve_rstest_temp_dir_root_name_in_env' panicked at 'Should create the parent dir: Os { code: 30, kind: Other, message: "Read-only file system" }', libcore/result.rs:1009:5
Dec 02 14:32:36.206 INFO [stdout] stack backtrace:
Dec 02 14:32:36.206 INFO [stdout]    0:     0x55c173f368ef - std::sys::unix::backtrace::tracing::imp::unwind_backtrace::h3a8b83e1922cbdde
Dec 02 14:32:36.206 INFO [stdout]                                at libstd/sys/unix/backtrace/tracing/gcc_s.rs:49
Dec 02 14:32:36.206 INFO [stdout]    1:     0x55c173f3fd67 - std::sys_common::backtrace::print::h00d3155a29b4020f
Dec 02 14:32:36.206 INFO [stdout]                                at libstd/sys_common/backtrace.rs:71
Dec 02 14:32:36.206 INFO [stdout]                                at libstd/sys_common/backtrace.rs:59
Dec 02 14:32:36.206 INFO [stdout]    2:     0x55c173f3a63f - std::panicking::default_hook::{{closure}}::hd7465c742e79e1bb
Dec 02 14:32:36.206 INFO [stdout]                                at libstd/panicking.rs:211
Dec 02 14:32:36.206 INFO [stdout]    3:     0x55c173f3a33e - std::panicking::default_hook::h9e3966f2aa2a6e12
Dec 02 14:32:36.206 INFO [stdout]                                at libstd/panicking.rs:221
Dec 02 14:32:36.206 INFO [stdout]    4:     0x55c173f3ad1e - std::panicking::rust_panic_with_hook::h587f091ae747d080
Dec 02 14:32:36.206 INFO [stdout]                                at libstd/panicking.rs:476
Dec 02 14:32:36.206 INFO [stdout]    5:     0x55c173f3a8c1 - std::panicking::continue_panic_fmt::hb3a4fdede87f43a8
Dec 02 14:32:36.206 INFO [stdout]                                at libstd/panicking.rs:390
Dec 02 14:32:36.206 INFO [stdout]    6:     0x55c173f3a7a5 - rust_begin_unwind
Dec 02 14:32:36.206 INFO [stdout]                                at libstd/panicking.rs:325
Dec 02 14:32:36.206 INFO [stdout]    7:     0x55c173f7aefc - core::panicking::panic_fmt::h6f9cebf5e7474a0b
Dec 02 14:32:36.206 INFO [stdout]                                at libcore/panicking.rs:77
Dec 02 14:32:36.206 INFO [stdout]    8:     0x55c173ee0b67 - core::result::unwrap_failed::hc45133aab9144a13
Dec 02 14:32:36.206 INFO [stdout]                                at libcore/macros.rs:26
Dec 02 14:32:36.206 INFO [stdout]    9:     0x55c173edfdf7 - <core::result::Result<T, E>>::expect::h99620404d9a7c67c
Dec 02 14:32:36.206 INFO [stdout]                                at libcore/result.rs:835
Dec 02 14:32:36.206 INFO [stdout]   10:     0x55c173edc62a - temp_testdir::TempDir::create_root::h5b11a7c60f6e79bb
Dec 02 14:32:36.206 INFO [stdout]                                at src/lib.rs:66
Dec 02 14:32:36.206 INFO [stdout]   11:     0x55c173edc2c0 - temp_testdir::TempDir::new::h45e5f6068bab2943
Dec 02 14:32:36.206 INFO [stdout]                                at src/lib.rs:50
Dec 02 14:32:36.206 INFO [stdout]   12:     0x55c173edc12e - <temp_testdir::TempDir as core::default::Default>::default::h7ca6327f9fadbf26
Dec 02 14:32:36.206 INFO [stdout]                                at src/lib.rs:17
Dec 02 14:32:36.206 INFO [stdout]   13:     0x55c173ee57ef - temp_testdir::test::should_resolve_rstest_temp_dir_root_name_in_env::h27228d6364ba00d4
Dec 02 14:32:36.206 INFO [stdout]                                at src/lib.rs:172
Dec 02 14:32:36.206 INFO [stdout]   14:     0x55c173ee5769 - temp_testdir::test::should_resolve_rstest_temp_dir_root_name_in_env::{{closure}}::h2bffa6e6003da83c
Dec 02 14:32:36.206 INFO [stdout]                                at src/lib.rs:167
Dec 02 14:32:36.206 INFO [stdout]   15:     0x55c173ee1dfd - core::ops::function::FnOnce::call_once::h0b1e6ffdd8849380
Dec 02 14:32:36.206 INFO [stdout]                                at libcore/ops/function.rs:238
Dec 02 14:32:36.206 INFO [stdout]   16:     0x55c173ee859e - <F as alloc::boxed::FnBox<A>>::call_box::hac903f91577a156c
Dec 02 14:32:36.206 INFO [stdout]                                at libtest/lib.rs:1468
Dec 02 14:32:36.206 INFO [stdout]                                at libcore/ops/function.rs:238
Dec 02 14:32:36.206 INFO [stdout]                                at liballoc/boxed.rs:672
Dec 02 14:32:36.206 INFO [stdout]   17:     0x55c173f4ad19 - __rust_maybe_catch_panic
Dec 02 14:32:36.206 INFO [stdout]                                at libpanic_unwind/lib.rs:102
Dec 02 14:32:36.206 INFO [stdout]   18:     0x55c173f0a1f2 - std::sys_common::backtrace::__rust_begin_short_backtrace::hb8f0d0309526c184
Dec 02 14:32:36.206 INFO [stdout]                                at libstd/panicking.rs:289
Dec 02 14:32:36.206 INFO [stdout]                                at libstd/panic.rs:392
Dec 02 14:32:36.206 INFO [stdout]                                at libtest/lib.rs:1423
Dec 02 14:32:36.206 INFO [stdout]                                at libstd/sys_common/backtrace.rs:136
Dec 02 14:32:36.206 INFO [stdout]   19:     0x55c173f0aca4 - std::panicking::try::do_call::hc2f7c8b9a348d8db
Dec 02 14:32:36.206 INFO [stdout]                                at libstd/thread/mod.rs:409
Dec 02 14:32:36.206 INFO [stdout]                                at libstd/panic.rs:313
Dec 02 14:32:36.206 INFO [stdout]                                at libstd/panicking.rs:310
Dec 02 14:32:36.206 INFO [stdout]   20:     0x55c173f4ad19 - __rust_maybe_catch_panic
Dec 02 14:32:36.206 INFO [stdout]                                at libpanic_unwind/lib.rs:102
Dec 02 14:32:36.206 INFO [stdout]   21:     0x55c173ef7edc - <F as alloc::boxed::FnBox<A>>::call_box::h6bfded618e480b32
Dec 02 14:32:36.206 INFO [stdout]                                at libstd/panicking.rs:289
Dec 02 14:32:36.206 INFO [stdout]                                at libstd/panic.rs:392
Dec 02 14:32:36.206 INFO [stdout]                                at libstd/thread/mod.rs:408
Dec 02 14:32:36.206 INFO [stdout]                                at liballoc/boxed.rs:672
Dec 02 14:32:36.206 INFO [stdout]   22:     0x55c173f3852d - std::sys_common::thread::start_thread::h4c28257d67cdf9cb
Dec 02 14:32:36.206 INFO [stdout]                                at liballoc/boxed.rs:682
Dec 02 14:32:36.206 INFO [stdout]                                at libstd/sys_common/thread.rs:24
Dec 02 14:32:36.206 INFO [stdout]   23:     0x55c173f2cb55 - std::sys::unix::thread::Thread::new::thread_start::hfecb2e7eff8fd34f
Dec 02 14:32:36.206 INFO [stdout]                                at libstd/sys/unix/thread.rs:90
Dec 02 14:32:36.206 INFO [stdout]   24:     0x7f45d25e26b9 - start_thread
Dec 02 14:32:36.206 INFO [stdout]   25:     0x7f45d210241c - clone
Dec 02 14:32:36.207 INFO [stdout]   26:                0x0 - <unknown>
Dec 02 14:32:36.207 INFO [stdout] 
Dec 02 14:32:36.207 INFO [stdout] 
Dec 02 14:32:36.207 INFO [stdout] failures:
Dec 02 14:32:36.207 INFO [stdout]     test::should_resolve_root_in_env
Dec 02 14:32:36.207 INFO [stdout]     test::should_resolve_rstest_temp_dir_root_name_in_env
Dec 02 14:32:36.207 INFO [stdout] 
Dec 02 14:32:36.207 INFO [stdout] test result: FAILED. 5 passed; 2 failed; 0 ignored; 0 measured; 0 filtered out
Dec 02 14:32:36.207 INFO [stdout] 
Dec 02 14:32:36.209 INFO [stderr] error: test failed, to rerun pass '--lib'
Dec 02 14:32:36.209 INFO [stderr] su: No module specific data is present
Dec 02 14:32:36.484 INFO running `"docker" "inspect" "e109125541f7921c3fccf88955052d5318cf282088196189666a035db9baad13"`
Dec 02 14:32:36.559 INFO running `"docker" "rm" "-f" "e109125541f7921c3fccf88955052d5318cf282088196189666a035db9baad13"`
Dec 02 14:32:36.700 INFO [stdout] e109125541f7921c3fccf88955052d5318cf282088196189666a035db9baad13
